*z(m). Determine d(-1).
-10
Let t be 2/(2/(1 + 3)). Let d be 4*3/6 + t. Let l(x) be the first derivative of -x**3/3 + 5*x**2/2 + 2*x + 11. Give l(d).
-4
Let u(o) = 44*o + 2. Let z be u(0). Let c(f) = 17*f - 1. Calculate c(z).
33
Let h(c) be the third derivative of -c**4/24 + 13*c**3/3 - 175*c**2. Determine h(18).
8
Let c(l) = 14*l**3 + 14*l**2 + 34*l + 91. Let q(f) = -5*f**3 - 5*f**2 - 12*f - 30. Let j(o) = -6*c(o) - 17*q(o). Determine j(0).
-36
Let j(y) = 2*y - 26. Let x be j(14). Let p(k) = 0*k - 3*k - 2*k + 7 + k**x - 3*k. Calculate p(8).
7
Suppose -5*b - 5*c = 55, -3*b + 30*c = 26*c + 12. Let u(t) = -t**2 - 9*t + 2. Determine u(b).
10
Let q(p) = 0*p + 1 - 3*p - 2415*p**2 + 2*p + 2412*p**2. Give q(1).
-3
Let j(q) = 8*q - 11*q + 1 - 8*q**2 + 4*q - 2*q**2. Calculate j(-1).
-10
Let y(n) be the second derivative of n**3/6 + 7*n**2/2 - 317*n. Give y(7).
14
Let j(b) = -b + 310 - 626 + b + 317 + 2*b. Let x(r) = -r. Let g be x(-1). What is j(g)?
3
Let b(l) = l**3 - 24*l**2 - 2*l + 53. Let j be b(24). Let k(a) be the third derivative of 1/60*a**j - 7/6*a**3 + 1/6*a**4 + 0*a - 5*a**2 + 0. Give k(-5).
-2
Let w = -137 - -232. Let i be ((-8)/5)/(38/w). Let h(q) = q + 1. Let v(a) = 12*a + 12. Let t(s) = 18*h(s) - 2*v(s). What is t(i)?
18
Suppose 0 = -a + 4*f, 12 = -a - 2*f + 30. Let n = a - 11. Let q(c) = -c - 1. Let r(w) = -1. Let i(x) = n*q(x) + r(x). Calculate i(0).
-2
Let i(q) = -q**2 - 5*q + 4. Suppose -4*v + 3*g + 156 = 0, v - 28 = -0*v - 2*g. Let l = v + -41. What is i(l)?
4
Let m(s) = 4*s**3 - s**2. Let x(w) = -10*w**3 - 11*w**2 + 3*w - 23. Let f(v) = -2*m(v) - x(v). What is f(-7)?
-5
Let o(v) = v**2 + 6*v + 5. Let i = 58 - 63. Determine o(i).
0
Let k(o) be the first derivative of 1/6*o**3 + 2*o**2 - 5 - 4*o. Let x(d) be the first derivative of k(d). Calculate x(-6).
-2
Let x(g) = 1. Let n(v) = 2*v + 1. Let y(b) = -n(b) - 4*x(b). Let t be (7 - 8)/(-1)*1*5. Calculate y(t).
-15
Let w be (-32)/(-6) - (-3)/(-9). Suppose w*l = 20 + 5. Let r(u) = -5*u + 4*u + 1683 - 836 - 842. Give r(l).
0
Suppose -4*q + 78 - 50 = 0. Let m(w) = -7*w + 20*w - 3*w - q*w. Give m(-1).
-3
Let m be (1 - -3)*(-8)/16. Let f be m - (12/(-4) + 4). Let l(z) = z + 3. Determine l(f).
0
Let l(w) = w**2 - 4*w + 2. Let h = -97 - -102. Give l(h).
7
Let l(y) = 5*y - 80. Let d be l(16). Let z(x) = -x**2 + x - 4. Let f(c) = -c. Let n(j) = f(j) + z(j). Determine n(d).
-4
Let j(p) = 17*p + p**3 + 9 + 52*p - 78*p - 3*p**2 - 3*p**2. What is j(7)?
-5
Suppose -t + 3*s + 2 = 0, 2*t + 2*s + 3 = t. Let f(b) be the second derivative of -13*b**3/6 + b**2/2 + b. What is f(t)?
14
Let g(o) be the second derivative of o**3/6 + 5*o**2/2 - 2*o. Let d(k) = -4*k + 6. Let m be d(8). Let i = 21 + m. Determine g(i).
0
Let c(h) = 2*h**3 + 0*h**3 + 2 - 3*h**3 - 17*h + 19*h + h**2. What is c(-2)?
10
Let a be (4/(-2))/(2 - 0). Let u be 4 + (-190)/40 - 11/(-4). Let w(o) = -11*o**u + 16*o**2 - 2*o**2 + 1. Calculate w(a).
4
Let j(m) = m**2. Let x(v) = v**3 + 8*v**2 + v + 7. Let t(n) = -2*n**3 - 17*n**2 - 3*n - 15. Let d(s) = 2*t(s) + 5*x(s). Let i(r) = -d(r) + j(r). What is i(-5)?
-10
Let m = 147 + -137. Let a(s) = m - 3 + s**3 - s**2 - 2*s - 6. Determine a(2).
1
Suppose 5*r + 122 = b, -2*b + 199 = -0*b + 5*r. Let m(q) = -3 - b*q + q**2 + 100*q + 0. What is m(8)?
5
Let w(l) = -l. Suppose -7*i = -11*i - 4*x - 4, 5*x - 7 = -i. Give w(i).
3
Let d(p) = 1239 + 22*p + 1229 - 2468. Calculate d(-1).
-22
Let l(u) = -2*u**2 + 12*u - 3. Let h be (-80)/520 + 134/26. Calculate l(h).
7
Let v(c) be the second derivative of c**3 + 15*c**2/2 + 86*c. Calculate v(-3).
-3
Let w be ((-6)/(-10))/(1/5). Let l(u) = -2*u**2 + 1 + 3*u**2 + 2*u + 6*u**w + 0. Let i(s) = s**3 - 2*s**2 - 2*s - 4. Let o be i(3). Give l(o).
-6
Let m(x) = -2*x**3 + x - 4 - 10 + 3*x**3. Let y be (9 - 9)/(-14)*-1. Determine m(y).
-14
Suppose -3*s + 1 + 5 = 0. Let a(g) = s*g + 0*g - 2 - 3*g**2 - 6*g + g**3. Suppose 0 = -65*v + 97 + 163. What is a(v)?
-2
Let f(m) = -4*m + 3*m - 10 + 0*m - m. Let g be f(-7). Let i(o) = -2*o + 6. Calculate i(g).
-2
Let h(p) = -4. Let k(n) = n**3 + 7*n**2 - 10*n - 16. Let f(j) = -2*h(j) + k(j). Give f(-8).
8
Let o(k) = 4*k - 1. Let g(f) = f**2 + 5*f + 9. Let j be g(-4). Suppose -j*c + 17 = -6*c. Let n = c + 19. Calculate o(n).
7
Let p(o) = 24*o - 57. Let a(c) = 12*c - 26. Let t(g) = -9*a(g) + 4*p(g). Determine t(2).
-18
Let d be ((-42)/18)/(4/(-12)). Let s(m) = -m**3 + 8*m**2 - 2*m - 8. Calculate s(d).
27
Let q be (5/(-10))/(0 + 2 + 203/(-116)). Let t(y) = 4*y - 5*y + 0*y - 2 - y**2. Determine t(q).
-4
Let w(k) = -3*k - 7. Let g(u) = 3*u**3 - u**2 - u - 3. Let p be g(-1). Determine w(p).
11
Let d(h) = -h**2 - 11*h - 10. Let j(x) = -6*x + 125. Let t be j(23). Calculate d(t).
-36
Let v(y) = y**2 + 8*y - 8. Suppose 6*o + 42 = -o. Determine v(o).
-20
Let h = 386 + -390. Let z(w) = 8*w + 25. Calculate z(h).
-7
Let q(z) = -z**3 - 2*z**2 - 2. Suppose -395 = -26*p + 21*p. Let h = p + -81. Calculate q(h).
-2
Let b(c) = -2*c + 12. Let i(s) = -s**3 + 5*s**2 - 4*s + 2. Let h(v) = -v**2 - 19*v + 3. Let l be h(-19). Let r be i(l). Give b(r).
-4
Let k(f) = 2*f**2 + 8*f + 9. Let t be k(-4). Suppose -2*g + 2 = 0, 0 = -x - 4*x - g - t. Let i(p) be the second derivative of -p**3/3 - 2*p. Give i(x).
4
Let y = 11 + -47. Let x = 37 + y. Let k(m) = -9*m**2 - 2*m + 1. Determine k(x).
-10
Let u(v) = 3 - 32*v**2 - 21*v**2 + 54*v**2. Determine u(-5).
28
Let r(c) = c**3 - 3*c**2 + 3*c - 1. Let q(v) = -9 + 8*v - v**2 - 1 - 2*v. Let k be q(8). Let w be (-12)/48 - k/8. Calculate r(w).
8
Let f = -689 - -687. Let c(a) = 7*a + 5. Let h(z) = 24*z + 9 - 3 + 3 + 9. Let w(t) = -18*c(t) + 5*h(t). What is w(f)?
12
Let l(c) = -c - 2. Let t(j) = -11*j + 13. Let x(g) = -8*g + 9. Let s(h) = 5*t(h) - 7*x(h). Let b(k) = -3*l(k) - 2*s(k). What is b(-3)?
-1
Let r be 5/((-20)/(-24))*4. Let m be (-3)/(-12) - (-42)/r. Suppose 7*c = m*c + 35. Let z(l) = -l**3 + 6*l**2 + 9*l - 9. Determine z(c).
5
Let x(z) = z**2 - 2*z - 2. Suppose 12 = 4*f - 0. Let a(h) = 2*h**2 - 5*h - 5. Let b(d) = f*a(d) - 7*x(d). What is b(-2)?
-3
Let l = -5 + 9. Let t be -10*((-21)/6)/7. Let j(u) = -5*u + 5. Let n(k) = 5*k - 6. Let g(y) = l*n(y) + t*j(y). What is g(-2)?
11
Suppose -147*m + 374*m + 1362 = 0. Suppose -2*t + 5*c = 10, 0*t = t - 4*c + 11. Let u(f) = -4 + 7 + 2*f + t. Give u(m).
-4
Let q(d) = 9*d - 6. Let p(t) = t - 1. Let h(b) = 6*p(b) - q(b). Let n = -5762 - -5760. Give h(n).
6
Let r be ((-6)/(-10))/((-24)/(-80)). Let v(q) = -17*q**2 + 8*q**r + 3*q**3 - 2*q**3 + 8*q**2. Suppose -g = 2*g. What is v(g)?
0
Suppose -5 = -4*f + 7. Suppose -f + 7 = 4*b. Suppose -4*t - b = 3. Let a(c) = -10*c**2 - c - 1. Give a(t).
-10
Suppose 4*i + 8 = d, -d + 4*i + 16 = 2*d. Let v(j) = 6*j**2 - 4*j**2 - j - j**3 + 2*j**2 + 0*j**2. What is v(d)?
-4
Suppose -1 = -a, 0 = -2*s - 4*a + 162 - 150. Let z(k) be the third derivative of 0 + 0*k + 1/20*k**5 + 1/12*k**s - 8*k**2 - 1/6*k**3. Determine z(-2).
7
Let x be (-6)/8 - 22/(-8). Let j(t) = -9*t + 9. What is j(x)?
-9
Let n(l) = -5*l + 2. Let g = 12 + -9. What is n(g)?
-13
Let i(o) be the third derivative of o**5/20 + o**4/2 + o**3/2 + 101*o**2. What is i(-5)?
18
Let p(o) = o**2 - 5*o - 17. Suppose -s + g = 2*s - 19, 0 = -2*s - 3*g + 20. Let c be p(s). Let u(q) = -2*q**3 + q**3 - q - 2*q - 3*q**2 + 1. Determine u(c).
10
Let h(y) = -3*y. Let v(a) = -4*a - 1. Suppose 5 + 1 = -p. Let n(t) = p*h(t) + 5*v(t). Let s be (-2 - 15) + 8 - (-4)/1. What is n(s)?
5
Let p(m) = -7*m**2 - 15*m - 1. Let y(b) = 10*b**2 + 22*b + 2. Let x(o) = 7*p(o) + 5*y(o). Let s be x(-5). Let t(r) = r + 3073 + 0*r - 3079. Calculate t(s).
-3
Let q(u) = u**2 - 2*u - 4. Let y = 5 + 3. Suppose 0*n + y = 4*n. Suppose z = -4*d + 7, -4*d = n - 6. Determine q(z).
-1
Suppose 2*t = 2 - 6. Let s(f) = -681965*f**2 + 2*f - 1 + 681966*f**2 - 1. Determine s(t).
-2
Let w(p) be the first derivative of -7 - 1/2*p**2 + 1/4*p**4 - 2*p**3 + 7*p. What is w(6)?
1
Let m = -40 - -52. Let y(s) = 21*s + 10*s - 29*s - m. Determine y(8).
4
Let y = -6 + 13. Let x(p) = -7*p**2 - p**3 - y*p + 0*p + 2 + p + 0*p**2. Calculate x(-6).
2
Let w(k) = k**2 - 18*k - 7. Suppose -58*d - 344 = -1272. Determine w(d).
-39
Let b(g) = g + 26. Let l be 1938/(-136) - 2/((-16)/(-6)). What is b(l)?
11
Let y(f) = -f**3 + 5*f**2 - 6*f + 5. Let s(u) = 2*u**2 + 39*u